. Calculate the highest common factor of 12 and p.
12
Suppose -c + 10 + 0 = 0. Let r be (-7)/5 - (-4)/c. Let h be 21/3 - (r - 1). What is the greatest common divisor of 45 and h?
9
Suppose 3*h = -4*f - 16 + 84, 2*h - 40 = -4*f. What is the highest common factor of h and 4?
4
Let n = 138 - 128. Calculate the highest common divisor of n and 2.
2
Suppose -6*x + 8 = -4. Calculate the greatest common divisor of x and 10.
2
Let t be 58 + 3*(-3 + 2). Calculate the highest common factor of t and 5.
5
Let p = -34 + 49. Let q be (-27)/2*(3 - 13). Calculate the highest common factor of q and p.
15
Suppose 93 = 3*w - 0*w. Calculate the highest common factor of w and 31.
31
Let f(r) = -r**3 - 5*r**2 - 5*r + 1. Let t be f(-4). Calculate the greatest common factor of t and 1.
1
Let u be 29 + -1 - (-6 - -4). What is the highest common divisor of u and 330?
30
Let y(d) = 9*d - 6. Let g be y(6). What is the highest common divisor of g and 12?
12
Suppose -132 = 5*w - 8*w. Let u = 79 - w. Suppose -4*g - 25 = -9*g. What is the highest common divisor of u and g?
5
Let f be (-21)/(-12)*80/5. Calculate the highest common factor of f and 42.
14
Let p be 85*(1 - 0) + 0. Let z(o) = o**2 - 2. Let d be z(6). Calculate the highest common factor of d and p.
17
Suppose -5*a = l + 5, -3*l - 4 = -6*l + 4*a. Suppose l*q - 15 = -5*q. Let n be 7*q/6*4. Calculate the highest common factor of n and 56.
14
Suppose 3*d - d = 5*a + 52, -d + 23 = -a. Calculate the highest common divisor of 3 and d.
3
Suppose 0 = 4*f - 3*a - 49, 2*a + 5 = -f - 3*a. Calculate the highest common divisor of f and 5.
5
Let o be (0 + -1)*(2 - 9). Let y(w) = -w**3 + 5 + 14*w**2 - w - 6*w - 6*w**2. Let r be y(o). What is the highest common factor of 15 and r?
5
Let y = -4 - -8. Suppose -y*w + 41 = -23. What is the highest common divisor of 80 and w?
16
Suppose -j + 8*j - 1071 = 0. Calculate the highest common factor of 17 and j.
17
Suppose -66 = n + 2*n + 4*q, 4*q = 4*n + 88. Let z be n*((-3)/(-1) - 5). What is the greatest common divisor of z and 11?
11
Let h(t) = -12*t + 12. Let c be h(-4). Calculate the greatest common factor of c and 15.
15
Let w = -9 + 17. Suppose -7*f = -3*f - 8. Suppose -4*c = -f*c - w. Calculate the greatest common divisor of c and 36.
4
Let n be (0 - 8)*(-12 - -1). What is the highest common divisor of 44 and n?
44
Suppose 2*f - 168 = -4*x - 24, -76 = -f - 3*x. Let r(z) = 2*z + 2. Let q be r(7). What is the highest common divisor of f and q?
16
Let h(u) = -u**2 + 8*u. Let n(g) = g**2 - 5*g - 1. Let s be n(6). Let v be h(s). Calculate the greatest common divisor of 45 and v.
15
Let o(c) = -2*c**2 + 4*c - 1. Let p be o(3). Let t = p - -11. Let v be (15/t)/(7/28). Calculate the highest common factor of 60 and v.
15
Let l be (-5 + 1 - 9)/(-1). Calculate the greatest common factor of l and 13.
13
Let a be 6/(-8) - (-475)/20. Let t = -19 + a. Calculate the highest common divisor of 16 and t.
4
Let d be (-40 - 2)*6/(-18). Calculate the greatest common divisor of 56 and d.
14
Let o(r) = -2*r**2 - 4*r - 2. Let x be o(-2). Let j be x/(-1)*(4 - -1). Calculate the greatest common divisor of 5 and j.
5
Let p = -2 - -10. What is the highest common divisor of p and 40?
8
Suppose 0 = 8*f - 9*f + 8. Suppose -5*d = -3*d - 2. Let j(p) = 48*p**2 - p + 1. Let m be j(d). Calculate the greatest common divisor of m and f.
8
Let i = -25 - -11. Let z be 2/7 - 696/i. Suppose -k - 4*k = -50. Calculate the highest common factor of z and k.
10
Let t be (-1)/4 + (-63)/(-28). Suppose 4*j - 11 = 5. What is the highest common divisor of t and j?
2
Let o be ((-24)/10)/((-4)/30) - 0. Calculate the highest common factor of 90 and o.
18
Let j be 4/(-16) - (1 - (-105)/(-4)). What is the highest common factor of j and 275?
25
Suppose -9 = -2*p + 15. What is the greatest common factor of 48 and p?
12
Let y(n) = n**2 + 2*n - 6. Let m be y(3). Calculate the highest common divisor of m and 45.
9
Suppose 328 = 4*v - 2*t, -3*v + 189 = -4*t - 67. What is the greatest common divisor of v and 20?
20
Let o = -6 + -9. Let k be (-306)/o - (-18)/30. Calculate the greatest common divisor of k and 21.
21
Suppose h = 5 + 14. What is the highest common divisor of h and 95?
19
Suppose w - 3*c - 12 + 4 = 0, 0 = 4*c - 8. Calculate the greatest common factor of 28 and w.
14
Suppose 72 = -4*k + 8*k. Let i(c) = 4 - 1 + 2*c - c + 0. Let m be i(6). What is the greatest common divisor of m and k?
9
Let l = 112 - 22. Let a(p) = -p**2 + 8*p + 5. Let j be a(6). Let u = j + -7. What is the greatest common factor of u and l?
10
Let s be (-10)/(3/(-6 + -3)). What is the greatest common divisor of s and 45?
15
Let y be (1 - 2)/(4/(-16)). Let w be (6 + 0)*(-66)/(-4). Suppose -3*c - y*u = c - 396, -w = -c + 2*u. What is the highest common divisor of 11 and c?
11
Suppose -102 = -5*s + 28. Suppose -3*l - 3*h + 615 = 0, -4*h + 166 = l - 30. Calculate the highest common factor of l and s.
26
Let t(y) = 0 - 8*y - 5 - y**2 - 1. Let n be t(-8). Let h(k) = -3*k - 8. Let s be h(n). Calculate the greatest common factor of s and 80.
10
Suppose 4*q - 8*q = -48. Calculate the highest common divisor of 6 and q.
6
Suppose -k + 44 = -4*h + 16, 3*h - 114 = -3*k. Calculate the highest common factor of 12 and k.
12
Let z be 15/(-45) + -13*(-8)/6. What is the highest common factor of z and 187?
17
Let o = -98 + 107. Suppose 0*n - 164 = 4*n. Let v = n - -77. What is the greatest common divisor of o and v?
9
Suppose 3*c - 723 + 114 = 0. Let x = c + -123. What is the greatest common factor of 32 and x?
16
Suppose 6*c - c = 825. Suppose 5*a - r + 0*r = c, -3*a - 4*r + 122 = 0. Suppose -2*k + 82 - a = 0. Calculate the highest common factor of 8 and k.
8
Let l(k) = 2*k**3 + 13*k**2 - 7*k + 10. Let m be l(-7). What is the highest common divisor of m and 30?
10
Let j be (-2 - -1)*(-5 + -1). Let z(o) = 4*o**2 - 2*o. Let k be (-4)/(-6) + 14/6. Let d be z(k). What is the greatest common divisor of d and j?
6
Let g = 5 - -3. Suppose p = g - 1. Let q be (-2 - 5)*(-6)/p. Calculate the greatest common factor of q and 30.
6
Suppose 0 = 2*u + 6, x - 24 = 4*u + 10. Calculate the highest common factor of 198 and x.
22
Suppose -4*o + 2*h = 6*h - 52, -2*o = -2*h - 30. Suppose -4*l - l + 20 = 2*a, 0 = 4*l - 2*a - 34. Let c = 8 - l. Calculate the highest common factor of o and c.
2
Let q be (-9)/6*168/(-9). Calculate the highest common divisor of 7 and q.
7
Suppose 0 = 2*y + 1 + 1. Let b be ((-24)/(-10))/(y/(-5)). What is the greatest common divisor of b and 36?
12
Let q be (48/20)/((-9)/(-30)). Let z(a) = -a**3 + 9*a**2 - 7*a + 8. Let u be z(q). Calculate the greatest common factor of u and 40.
8
Let w be (-5 - -7)*(-2 + 4). Calculate the greatest common divisor of w and 8.
4
Let s be (45 + 0)*(-6)/(-15). Let i = s + -12. Let d(t) = t**2 - 2. Let c be d(i). Calculate the greatest common factor of c and 17.
17
Suppose -4*z + f - 362 = 0, -z - 2*f = 4*z + 446. Let q = -50 - z. Calculate the greatest common factor of q and 10.
10
Let t = 101 + -16. Calculate the greatest common factor of t and 17.
17
Suppose -3*d = -2*y - 45, -4*d - 5*y + 60 = -0*d. Suppose -14 = -5*w - 4. Let i = w - -13. Calculate the greatest common factor of i and d.
15
Let j(h) = 4*h**2 + 5*h - 9. Let q be j(-6). What is the greatest common factor of q and 15?
15
Suppose -6*b + 7 = 2*l - 3*b, 11 = 5*l + b. Suppose 3*t + 5*m = 0, -l*t - 19 = -7*t - 2*m. Calculate the highest common factor of 5 and t.
5
Let b(u) = -u**3 - u**2 + u + 93. Let f be b(0). Let a = f - 23. What is the greatest common factor of 10 and a?
10
Suppose 198 = 5*g - 42. Calculate the highest common divisor of g and 60.
12
Let t(q) = 2*q**2 + 1. Let l be t(-2). Calculate the highest common factor of 81 and l.
9
Let t(w) = -w**3 - 6*w**2 + 1. Let c be (2 + 5)*(-12)/14. Let j be t(c). Let r be (j + 10)/((-6)/(-12)). Calculate the greatest common divisor of r and 2.
2
Let g be (-58)/(-10) - 7/(-35). What is the greatest common factor of g and 24?
6
Suppose -2*c = 5*f - 31, -f + 71 = 3*c + c. Suppose c = l - 0. Let s(i) = -i + 3. Let q be s(-3). Calculate the greatest common divisor of q and l.
6
Let c(s) = s**3 - 6*s**2 - 7*s + 12. Let n be c(8). Calculate the greatest common divisor of 28 and n.
28
Let y be (-12)/(-8)*2 - -9. Calculate the highest common divis